{"id":138,"date":"2021-01-17T23:55:45","date_gmt":"2021-01-17T23:55:45","guid":{"rendered":"https:\/\/sklep.gramaway.pl\/?post_type=product&#038;p=138"},"modified":"2021-11-29T01:55:34","modified_gmt":"2021-11-29T01:55:34","slug":"clothes-materialy-on-line","status":"publish","type":"product","link":"https:\/\/sklep.gramaway.pl\/?product=clothes-materialy-on-line","title":{"rendered":"Clothes &#8211; materia\u0142y on-line"},"content":{"rendered":"<p>[et_pb_section fb_built=&#8221;1&#8243; _builder_version=&#8221;3.22&#8243; custom_padding=&#8221;0px||||false|false&#8221;][et_pb_row _builder_version=&#8221;3.25&#8243; background_size=&#8221;initial&#8221; background_position=&#8221;top_left&#8221; background_repeat=&#8221;repeat&#8221; width=&#8221;100%&#8221; custom_padding=&#8221;0px||0px||false|false&#8221;][et_pb_column type=&#8221;4_4&#8243; _builder_version=&#8221;3.25&#8243; custom_padding=&#8221;|||&#8221; custom_padding__hover=&#8221;|||&#8221;][et_pb_wc_breadcrumb _builder_version=&#8221;3.0.47&#8243;][\/et_pb_wc_breadcrumb][et_pb_wc_cart_notice _builder_version=&#8221;3.0.47&#8243;][\/et_pb_wc_cart_notice][\/et_pb_column][\/et_pb_row][et_pb_row column_structure=&#8221;1_2,1_2&#8243; _builder_version=&#8221;3.25&#8243; background_size=&#8221;initial&#8221; background_position=&#8221;top_left&#8221; background_repeat=&#8221;repeat&#8221; width=&#8221;100%&#8221; custom_padding=&#8221;0px||||false|false&#8221;][et_pb_column type=&#8221;1_2&#8243; _builder_version=&#8221;3.25&#8243; custom_padding=&#8221;|||&#8221; custom_padding__hover=&#8221;|||&#8221;][et_pb_wc_images _builder_version=&#8221;3.0.47&#8243;][\/et_pb_wc_images][\/et_pb_column][et_pb_column type=&#8221;1_2&#8243; _builder_version=&#8221;3.25&#8243; custom_padding=&#8221;|||&#8221; custom_padding__hover=&#8221;|||&#8221;][et_pb_wc_title _builder_version=&#8221;3.0.47&#8243;][\/et_pb_wc_title][et_pb_wc_rating _builder_version=&#8221;3.0.47&#8243;][\/et_pb_wc_rating][et_pb_wc_price _builder_version=&#8221;4.0.7&#8243;][\/et_pb_wc_price][et_pb_wc_description _builder_version=&#8221;4.8.2&#8243; text_orientation=&#8221;justified&#8221;][\/et_pb_wc_description][et_pb_wc_add_to_cart _builder_version=&#8221;3.0.47&#8243;][\/et_pb_wc_add_to_cart][et_pb_wc_meta show_sku=&#8221;off&#8221; show_categories=&#8221;off&#8221; show_tags=&#8221;off&#8221; admin_label=&#8221;Woo Meta&#8221; _builder_version=&#8221;4.0.7&#8243;][\/et_pb_wc_meta][\/et_pb_column][\/et_pb_row][et_pb_row _builder_version=&#8221;3.25&#8243; background_size=&#8221;initial&#8221; background_position=&#8221;top_left&#8221; background_repeat=&#8221;repeat&#8221; width=&#8221;100%&#8221;][et_pb_column type=&#8221;4_4&#8243; _builder_version=&#8221;3.25&#8243; custom_padding=&#8221;|||&#8221; custom_padding__hover=&#8221;|||&#8221;][et_pb_video src=&#8221;https:\/\/sklep.gramaway.pl\/wp-content\/uploads\/2021\/01\/M\u00f3j-film-2.mp4&#8243; _builder_version=&#8221;4.8.2&#8243; width=&#8221;65%&#8221; max_width=&#8221;100%&#8221; module_alignment=&#8221;center&#8221; max_height=&#8221;1000px&#8221; custom_margin=&#8221;|0px|||false|false&#8221; box_shadow_style=&#8221;preset2&#8243;][\/et_pb_video][et_pb_wc_tabs _builder_version=&#8221;3.0.47&#8243;]\t\t\t\t\t[\/et_pb_wc_tabs][et_pb_wc_upsells _builder_version=&#8221;3.0.47&#8243;][\/et_pb_wc_upsells][et_pb_wc_related_products _builder_version=&#8221;3.0.47&#8243;][\/et_pb_wc_related_products][\/et_pb_column][\/et_pb_row][\/et_pb_section]<\/p>\n","protected":false},"excerpt":{"rendered":"<p>Clothes &#8211; ubrania<\/p>\n<p>Materia\u0142y on-line do nauki i powt\u00f3rek s\u0142ownictwa w kreatywny spos\u00f3b!<br \/>\nJedyne takie materia\u0142y dopasowane do uczni\u00f3w klas 4-6.<\/p>\n<p>Twoje dziecko ma do\u015b\u0107 uczenia si\u0119 s\u0142\u00f3wek ze zwyk\u0142ej kartki papieru? Woli rozwi\u0105zania interaktywne? Masz przed sob\u0105 idealne materia\u0142y! \u0106wiczenia on-line naucz\u0105 i utrwal\u0105 ponad 30 s\u0142\u00f3wek zwi\u0105zanych z ubraniami i akcesoriami w j\u0119zyku angielskim.<\/p>\n<p>Grafiki u\u017cyte w zadaniach zosta\u0142y stworzone przez uzdolnion\u0105 ilustratork\u0119, kt\u00f3ra doskonale zna estetyk\u0119 dzieci w wieku szkolnym. To sprawia, \u017ce dzieciaki ch\u0119tnie korzystaj\u0105 z tak przygotowanych materia\u0142\u00f3w. Dodatkowo dzi\u0119ki ilustracjom dzieci \u0142atwiej zapami\u0119tuj\u0105 s\u0142\u00f3wka i szybciej je kojarz\u0105.<\/p>\n<p>Ogl\u0105daj\u0105c kr\u00f3tki film dowiesz si\u0119 wi\u0119cej, co kryje si\u0119 w tym pakiecie!<\/p>\n<p>&nbsp;<\/p>\n","protected":false},"featured_media":142,"template":"","meta":{"_et_pb_use_builder":"on","_et_pb_old_content":"Zestaw zawiera:\r\n<ul>\r\n \t<li>4 plansze dopasowania obrazk\u00f3w do odpowiednich opis\u00f3w w j\u0119zyku angielskim<\/li>\r\n \t<li>2 gry memory game - znajd\u017a odpowiednie pary<\/li>\r\n \t<li>podzia\u0142 ubra\u0144 na letnie i zimowe<\/li>\r\n \t<li>dopasowanie angielskich opis\u00f3w do danego obrazka<\/li>\r\n \t<li>krzy\u017c\u00f3wka z 24 has\u0142ami<\/li>\r\n<\/ul>\r\nWszystkie zadania zawieraj\u0105 odpowiedzi, dzi\u0119ki temu dzieci mog\u0105 same sprawdzi\u0107 swoje odpowiedzi. \u015aredni czas rozwi\u0105zania wszystkich zada\u0144 to ok. 20 minut.","_et_gb_content_width":""},"product_cat":[19],"product_tag":[],"_links":{"self":[{"href":"https:\/\/sklep.gramaway.pl\/index.php?rest_route=\/wp\/v2\/product\/138"}],"collection":[{"href":"https:\/\/sklep.gramaway.pl\/index.php?rest_route=\/wp\/v2\/product"}],"about":[{"href":"https:\/\/sklep.gramaway.pl\/index.php?rest_route=\/wp\/v2\/types\/product"}],"wp:featuredmedia":[{"embeddable":true,"href":"https:\/\/sklep.gramaway.pl\/index.php?rest_route=\/wp\/v2\/media\/142"}],"wp:attachment":[{"href":"https:\/\/sklep.gramaway.pl\/index.php?rest_route=%2Fwp%2Fv2%2Fmedia&parent=138"}],"wp:term":[{"taxonomy":"product_cat","embeddable":true,"href":"https:\/\/sklep.gramaway.pl\/index.php?rest_route=%2Fwp%2Fv2%2Fproduct_cat&post=138"},{"taxonomy":"product_tag","embeddable":true,"href":"https:\/\/sklep.gramaway.pl\/index.php?rest_route=%2Fwp%2Fv2%2Fproduct_tag&post=138"}],"curies":[{"name":"wp","href":"https:\/\/api.w.org\/{rel}","templated":true}]}}